2 + 3*d - 8. Is h(-6) a prime number?
False
Suppose -4*k + 12 = -0*k. Let r(a) = 2*a**3 + 3*a**2 - 3*a + 1. Let t be r(k). Is (1 + (t - -3))*1 a composite number?
True
Let v(s) = s**3 + 2*s**2 - 2. Let w be 5/(-1 + 0) - -1. Let j be v(w). Let h = -19 - j. Is h prime?
False
Let o be 975/10*(-4)/(-6). Suppose 6*s - s = o. Let z = s + 128. Is z a composite number?
True
Is ((-4)/(-6))/((-6)/(-1413)) prime?
True
Let r be 109/3 - (-2)/3. Let d = 58 - 30. Let c = d + r. Is c prime?
False
Let y(p) = 150*p**3 - p**2 + p - 1. Is y(1) prime?
True
Let x(v) = -4*v**2 + v - 5*v - 2 + 8*v**2. Suppose 3*b + 15 = 0, b + 21 = 4*c - 0*b. Is x(c) a prime number?
False
Let i(o) = -o**2 - 3*o. Let u be i(-3). Let y be 3/(1/7 + u). Suppose b = 4*z - 84, -z + 0*b + y = -2*b. Is z prime?
False
Suppose 4*x - 13 = 3. Let b(m) = 2*m**3 + m**2 - 3*m - 5. Is b(x) a prime number?
True
Let o(k) be the first derivative of 55*k**4 - k**2 + k + 1. Is o(1) composite?
True
Let v be 0 - ((-1)/1 - -62). Let m = 171 - 79. Let q = m + v. Is q composite?
False
Let a = 28 - -3. Is a prime?
True
Let q(x) be the first derivative of 4*x**2 + x - 1. Let f be -1*(-7 + (-2 - -1)). Is q(f) a composite number?
True
Is (-2 - -3)/(21/6153) composite?
False
Let v(k) = -10*k + 3. Let c be v(6). Let j = 84 + c. Let s = 40 - j. Is s a prime number?
True
Let s = -3391 + 6882. Is s a composite number?
False
Let r(x) = -x**3 - 2*x**2 - 3*x + 3. Let b be r(-4). Let d = b + -16. Let o = 53 - d. Is o a prime number?
False
Suppose 2*j - 70 = -5*d + 59, 0 = 5*d + 5. Suppose -j + 735 = 4*a. Is a a prime number?
True
Suppose -4*q - 255 = 2*z + 3*z, 3*z = -3*q - 150. Let t = -8 - z. Is t a composite number?
False
Suppose 584 = -z + 5*z. Is z a composite number?
True
Suppose -11 = h + 10. Let u = 18 - h. Suppose -u = -2*f + 35. Is f composite?
False
Let u be (-1)/(1/2) + 276. Suppose -u = -2*z - 4*q, z = -3*z - 5*q + 536. Suppose -t = 2*a - 78, 0 = -3*a + t - 12 + z. Is a a composite number?
True
Suppose 0 = -0*d - 2*d + m + 437, 0 = 5*d - 4*m - 1097. Is d composite?
True
Suppose 6*w - 2031 = 3*w. Is w a prime number?
True
Suppose -746 = -0*k - 2*k. Is k prime?
True
Is 321 - -4*(-1)/(-2) a composite number?
True
Let t(u) = u**3 - u**2 + u + 7. Let h be t(0). Let r be 1580/(-25)*(2 - h). Suppose 4*k - 3*z = -z + r, 3*k - 4*z - 237 = 0. Is k composite?
False
Is (-4401)/(-15) + ((-48)/20 - -2) composite?
False
Let d = 16 - 57. Let k = 20 + d. Let t = 1 - k. Is t a composite number?
True
Is (-2)/(0 - (-4)/(-1222)) - -3 prime?
False
Let v(i) = i**3 + 6*i**2 + 4*i - 1. Let a = 3 + -10. Let o = a - -2. Is v(o) a prime number?
False
Let c be -1*(2 + -1 + -6). Suppose c*v - 1292 = 173. Is v a composite number?
False
Let a(m) = 7*m**2 - 3*m - 4. Let p be a(-3). Let y = p + -29. Suppose -y = -u + 4. Is u a prime number?
True
Suppose -4*h - 3454 = -5*j, -3*j - 5*h = -323 - 1779. Is j composite?
True
Suppose 7*v - 2*v + 1305 = 0. Is -1 + 3 - v/3 composite?
False
Let j = -3 + 6. Suppose 410 = j*g + 2*g. Is g prime?
False
Let t = 7230 - 3733. Is t a composite number?
True
Let c(f) = -f**3 - 11*f**2 - f - 12. Let w be c(-11). Let t(y) = -23*y - 1. Is t(w) a prime number?
False
Suppose 3 = n + 1. Suppose a + 183 = n*h, 0 = 5*a - 2 + 7. Is h a prime number?
False
Suppose m - 8612 + 2733 = 0. Is m a composite number?
False
Suppose -3*y + 95 = -7. Let s = 57 - y. Is s composite?
False
Suppose 3*x - 708 = 5*x. Let g be x/(-10) + 4/(-10). Suppose 4*l + l = a + g, l - 7 = -4*a. Is l composite?
False
Suppose -3*a + 8*a + 2*i - 7179 = 0, 4*a + i = 5745. Is a composite?
True
Suppose 0 = h - 2*h + b + 1, 4*b + 4 = 0. Suppose c = -3*v + 792, h = 4*v - 3*v + c - 266. Is v a composite number?
False
Let s be (4 + -4)/(1 - -1). Suppose 3*g - 204 + 39 = s. Is g composite?
True
Let m(p) = 11*p**3 - p**2 - 5*p + 1. Is m(4) a composite number?
True
Let h = -33 + 16. Let m = 2 - h. Suppose m = 2*k - 7. Is k a composite number?
False
Let p(q) = 2*q**3 + 3*q**2 + 5*q + 5. Is p(4) composite?
True
Let u(o) = o - 5. Let r(d) = 3. Let j(a) = -5*r(a) - 2*u(a). Let f be j(-4). Suppose 3*m + 108 = 3*q - 45, 2*q + f*m - 92 = 0. Is q a composite number?
True
Suppose -2*d - 127 = -3*d. Is d a prime number?
True
Suppose 5*w = -3*n + 25, w - 3*w + 11 = n. Suppose -5*l = 4*y - 188, -5*y + 105 = 3*l - 0*y. Is 109/5 + w/l a composite number?
True
Let d(h) = -h + 15. Let q be d(0). Let j be -5*(2 + (-39)/q). Suppose 3*m + 4*x = -0*x + 26, -5*m = j*x - 47. Is m composite?
True
Let w(h) = h**2 + 5*h - 1. Let o be w(-5). Is 11 + o + -1 + -2 a prime number?
True
Suppose -5*m + 5*a = -2500, 3*m - 2*a - 2503 = -2*m. Is m prime?
False
Suppose -12 = 3*r, -4 = 2*g + 2*g + 5*r. Suppose -3*z - g*n = n - 205, -189 = -3*z + 3*n. Is z a composite number?
True
Suppose 100 = r - 2*n, -2*r - 3*n + 125 = -r. Let i be r/(-8) + (-1)/4. Is 3805/35 - 4/i a prime number?
True
Suppose 5*x + 2*q - 1453 = 0, -2*x + q + 586 = 3*q. Is x prime?
False
Suppose 3*y - 605 = y - 3*d, -580 = -2*y + 2*d. Is y a prime number?
False
Let b(s) = -s**3 + 8*s**2 + 3*s - 2. Is b(8) a prime number?
False
Suppose -s = -4*z + z - 625, 5*s - 3157 = -z. Is s prime?
True
Let j(k) be the second derivative of -k**4/12 + 8*k**3/3 + 3*k**2/2 + 5*k. Let i be (-114)/(-15) - 4/(-10). Is j(i) composite?
False
Suppose 0 = n - 5*y - 721, -n = -5*y + 2*y - 721. Is n a prime number?
False
Let x(a) = -a**3 + 30*a**2 - 33*a + 29. Is x(28) a prime number?
True
Let i be (1362/9)/(2/(-3)). Let x = i + 450. Is x prime?
True
Let n = -5 + 5. Suppose n = -2*y - 3 + 7. Suppose -y*h = -5*t - 183, -3*h - 5*t + 217 = -t. Is h prime?
True
Suppose -15 = 6*l - l, 0 = 4*s + 2*l - 310. Let i = -10 - 35. Let r = i + s. Is r a prime number?
False
Let v(i) = -166*i**2 - 2*i + 1. Let m(h) = -h**2 + h - 1. Let c be 2/6 + (-16)/12. Let j(f) = c*v(f) - 2*m(f). Is j(1) composite?
True
Let j be (-18)/(-15)*-1*5. Is (2 - -38) + j/2 composite?
False
Suppose 0 = 5*r - 78 - 27. Is r a prime number?
False
Is 1048/(-16)*(-2)/1 composite?
False
Suppose a + 2*a = 4*f + 373, f + 633 = 5*a. Is a a composite number?
False
Let t(h) = h**2 - 7*h + 12. Let p be t(5). Suppose 3*y - p*y - 3*m = 88, 0 = 4*y + 3*m - 337. Is y a composite number?
True
Let m = 4 + 3. Let n(u) = 22*u + 9. Is n(m) a composite number?
False
Is 4 + (269 - (3 + -7)) composite?
False
Let n be (-6)/(-10) - (-8747)/5. Suppose 3*a - 1050 = 3*s, -5*a - 2*s = -5*s - n. Suppose -d + 5*f = -110, 3*d - 2*f = -7*f + a. Is d composite?
True
Let p(a) = -2*a**2 - 4*a - 2. Let d be p(5). Let n = 237 + d. Let r = -116 + n. Is r composite?
True
Let y(n) = 4*n - 1. Let v be y(1). Suppose 58 = v*b - 2*b. Is b prime?
False
Let h(o) = 2*o - 2*o + 2 + 1 + 3*o. Is h(6) prime?
False
Is 3991 - (-8)/(-4 + 0) a prime number?
True
Is (2/(-8))/(10/(-18680)) prime?
True
Let u(j) = j**2 + 8*j - 3. Let o be u(-9). Suppose -6 = b + 2*b. Let t = b + o. Is t a composite number?
True
Let o(s) = 161*s - 3. Suppose 0 = 3*t - 4*t, -12 = -4*z - 4*t. Let j be o(z). Suppose -2*y + 4*n + 300 = 50, 0 = -4*y + 4*n + j. Is y a prime number?
False
Suppose -1 = o - 2. Is o/(-1) + 3 - -116 prime?
False
Suppose 1 = -2*g + 7. Suppose -2*f = -3*f + g. Suppose 71 = f*q - 34. Is q a prime number?
False
Let k(b) = -22*b + 32. Is k(-11) a prime number?
False
Let x(r) = -2*r**3 + 7*r + 1. Is x(-6) prime?
False
Let q(v) be the second derivative of -v**4/6 + 5*v**3/6 - 3*v. Let w be q(4). Is w/66 - (-343)/11 composite?
False
Let k = -549 - -2875. Suppose 4*x + u = k, x + 2*u + 1739 = 4*x. Is x prime?
False
Let p = 5 - 3. Let o be p + -1 + 1 + -79. Let z = o - -120. Is z a composite number?
False
Let o = 4 - -1. Suppose b = -4*u + 157 - 2, -o*u + 465 = 3*b. Is b composite?
True
Let y be -3*(1 + (-5 - -3)). Suppose 0 = y*i - 4*t - 41, -i + t - 4*t + 18 = 0. Is i prime?
False
Let h = -66 + 101. Is h a prime number?
False
Suppose 4*b - 9 = b. Suppose k - 4*i = -4, 2*i + 2*i - 4 = -b*k. Suppose -3*q + k*q + 165 = 0. Is q composite?
True
Let h = 1166 + -699. Is h a composite number?
False
Suppose 110 = t + 4*t. Suppose 0 = -5*l - 7 + t. Let v = l + 8. Is v a prime number?
True
Suppose -16 = -4*d - 0. Suppose -s + 2*n = 3*n - d, -2*n = -3*s + 27. Let k(w) = 8*w - 10. Is k(s) a prime number?
False
Let s(a) = -a**2 + 7*a - 5. Let t be s(5). Let l be (-3